310
In base 14, what is 3 - d1?
-cc
In base 8, what is 3 - -3?
6
In base 9, what is 24826 + -2?
24824
In base 6, what is 3 - 4440?
-4433
In base 10, what is -1089 + -3?
-1092
In base 11, what is -35 + -55?
-8a
In base 4, what is -1 + 1001?
1000
In base 15, what is 1d + -6?
17
In base 16, what is -2 - -74?
72
In base 4, what is -22 - -121?
33
In base 7, what is -501 + -43?
-544
In base 11, what is 2 + 454?
456
In base 13, what is 1 - -c71?
c72
In base 4, what is 11 - -1132033?
1132110
In base 5, what is 1 + -1034?
-1033
In base 11, what is -310a2 - 1?
-310a3
In base 7, what is 1404 - -5?
1412
In base 8, what is 74 - 16?
56
In base 15, what is -3 + 1b?
18
In base 12, what is -2 - 6a5?
-6a7
In base 16, what is 1 + -20?
-1f
In base 3, what is -1 + 1220?
1212
In base 10, what is 105 + 3?
108
In base 14, what is -692 + -4?
-696
In base 2, what is 11001110 + -100?
11001010
In base 12, what is 380 - 1?
37b
In base 9, what is 3 + -36?
-33
In base 3, what is 102222 + -1?
102221
In base 16, what is af + 2?
b1
In base 13, what is 27 - 3?
24
In base 3, what is -2222 - -2212?
-10
In base 7, what is 2 + 25?
30
In base 5, what is 21001 + -101?
20400
In base 7, what is -33 - 32?
-65
In base 8, what is 1 + -272?
-271
In base 4, what is 10030 + 1?
10031
In base 5, what is -4311 - 33?
-4344
In base 7, what is -16 + -3?
-22
In base 16, what is 2 + -39?
-37
In base 7, what is 16 + 31?
50
In base 14, what is -2d + -1?
-30
In base 3, what is 10021002 - 11?
10020221
In base 10, what is 6 - -414?
420
In base 12, what is 139 + -20?
119
In base 6, what is -4 - 40053?
-40101
In base 2, what is -110111110 + 100?
-110111010
In base 10, what is -7079 - 5?
-7084
In base 2, what is -100100100011 + 0?
-100100100011
In base 15, what is -3 - 3?
-6
In base 7, what is 11 - 0?
11
In base 4, what is 2123 + -3?
2120
In base 12, what is 3 + 11a9?
11b0
In base 3, what is -12 + 22100?
22011
In base 14, what is 4a6 - -19?
4c1
In base 16, what is 7 - -19?
20
In base 12, what is -143 + -6?
-149
In base 12, what is -12 + 54?
42
In base 2, what is -100100011 - 100?
-100100111
In base 13, what is 3a08 + -1?
3a07
In base 8, what is 16 - 220?
-202
In base 5, what is -12 - -20?
3
In base 7, what is -1 + 22243?
22242
In base 5, what is 1443 - 0?
1443
In base 3, what is 12000 - 2?
11221
In base 10, what is 95 + -7?
88
In base 10, what is 7 - 64?
-57
In base 15, what is -1bbc + -5?
-1bc2
In base 9, what is 12 - -11?
23
In base 12, what is -a - 8?
-16
In base 10, what is -906 + -2?
-908
In base 12, what is 2a4 - 2?
2a2
In base 12, what is -5 + -27b3?
-27b8
In base 2, what is 1001100101 + -10?
1001100011
In base 12, what is 57b - 1?
57a
In base 6, what is -434 + -20?
-454
In base 15, what is -1 + -14?
-15
In base 10, what is 4 - -2331?
2335
In base 10, what is 172 + 4?
176
In base 2, what is 101 + -110011?
-101110
In base 2, what is 1100110000 + 101?
1100110101
In base 8, what is -1072 + -3?
-1075
In base 11, what is 195 - -3?
198
In base 4, what is 0 + 1023?
1023
In base 12, what is 3b + 3b?
7a
In base 8, what is -26 - -167?
141
In base 3, what is -20 + 211212?
211122
In base 13, what is 32 - 4?
2b
In base 9, what is 137 + 0?
137
In base 2, what is -101 - 1001111001?
-1001111110
In base 2, what is -10011 - 100100?
-110111
In base 16, what is 4 + 3?
7
In base 7, what is 264 + -35?
226
In base 14, what is -8a - -1?
-89
In base 8, what is 3 - -114?
117
In base 5, what is 11 + 140334?
140400
In base 9, what is 2 + -10?
-7
In base 13, what is -2 - 10?
-12
In base 8, what is 265 - -17?
304
In base 9, what is 13 + -162?
-148
In base 4, what is -3 + -231002?
-231011
In base 10, what is -3 - -1154?
1151
In base 15, what is -de + 8?
-d6
In base 15, what is 0 - 102?
-102
In base 7, what is -11 - 256?
-300
In base 2, what is 0 + 10110011111?
10110011111
In base 9, what is -1 + -80?
-81
In base 8, what is -1267 - 3?
-1272
In base 8, what is -60 + 107?
27
In base 6, what is -4 - 212?
-220
In base 4, what is 3102 - 103?
2333
In base 12, what is 73 - -6?
79
In base 8, what is -62 - -3?
-57
In base 7, what is 4 - 455?
-451
In base 11, what is 1 - -146?
147
In base 13, what is -2 - 130?
-132
In base 14, what is 5 + -dd4?
-dcd
In base 5, what is -3 - -110234?
110231
In base 5, what is 331 - 331?
0
In base 15, what is 5 + -e9d?
-e98
In base 10, what is 42 - -563?
605
In base 12, what is 111 + -14?
b9
In base 15, what is -64a + 7?
-643
In base 16, what is -1c44 - -5?
-1c3f
In base 6, what is -10 + -15152?
-15202
In base 16, what is 28c + -1?
28b
In base 12, what is -9 + 6?
-3
In base 4, what is 1113 + 133?
1312
In base 2, what is -10010101000011 - -10?
-10010101000001
In base 9, what is 204 + 2?
206
In base 7, what is -4 - -46?
42
In base 10, what is 23 - -2?
25
In base 3, what is -11 - -1012?
1001
In base 9, what is 35 - 77?
-42
In base 4, what is 2 - -32030?
32032
In base 16, what is 30 + -b?
25
In base 9, what is -5 + -1014?
-1020
In base 7, what is -42611 + 5?
-42603
In base 16, what is -1 + -13?
-14
In base 4, what is 1013302 + -11?
1013231
In base 8, what is -3 + -211?
-214
In base 16, what is 1 + 106?
107
In base 7, what is -1 + 21?
20
In base 9, what is 1 + -80?
-78
In base 3, what is 101022 + 12?
101111
In base 6, what is -121214 + -1?
-121215
In base 14, what is -2 + 2d1?
2cd
In base 12, what is a - 1b7?
-1a9
In base 11, what is -41 + 18?
-24
In base 13, what is -6 - -815?
80c
In base 9, what is 58 - -5?
64
In base 6, what is -44 - 12?
-100
In base 16, what is 8 + -15?
-d
In base 12, what is 1852 - -10?
1862
In base 8, what is 32 - 14?
16
In base 10, what is -3 + 0?
-3
In base 11, what is -2a6 + 0?
-2a6
In base 4, what is 0 - -210312?
210312
In base 10, what is -80 + -3?
-83
In base 9, what is 133 + 1?
134
In base 9, what is 4 - 516?
-512
In base 15, what is -6 + 7?
1
In base 10, what is -5 - 72?
-77
In base 6, what is -4 - 1132?
-1140
In base 9, what is -3 + -3?
-6
In base 12, what is 1 - -199?
19a
In base 6, what is -300 + 23?
-233
In base 10, what is -63 + 6?
-57
In base 15, what is -148 - 0?
-148
In base 5, what is -244211 + 0?
-244211
In base 3, what is -11102022 - 11?
-11102110
In base 8, what is 1441 + 1?
1442
In base 14, what is 572 + -4?
56c
In base 3, what is 0 - 101222?
-101222
In base 6, what is 5 + -1010?
-1001
In base 3, what is 201220 + -120?
201100
In base 4, what is 10 + -1023?
-1013
In base 14, what is ba2 + -4?
b9c
In base 8, what is 2 + -3527?
-3525
In base 15, what is 356 + 6?
35c
In base 9, what is -3005 + -5?
-3011
In base 16, what is -16 - -b?
-b
In base 7, what is 60 - -20?
110
In base 2, what is -110011010 - 11?
-110011101
In base 16, what is -3 - 968?
-96b
In base 10, what is 4 - 2?
2
In base 6, what is -2 - 451?
-453
In base 11, what is 31 + -4?
28
In base 3, what is -110121 + -2?
-110200
In base 4, what is -310 + 231?
-13
In base 6, what is -412 - 4?
-420
In base 7, what is -6 + -643?
-652
In base 16, what is -a2 + 1?
-a1
In base 11, what is -36 - 37?
-72
In base 12, what is -5257 - -5?
-5252
In base 6, what is -504 + -112?
-1020
In base 11, what is 2 - 53a?
-538
In base 14, what is 6 - -1?
7
In base 4, what is 0 - -122120?
122120
In base 14, what is -4c31 + 2?
-4c2d
In base 16, what is 1a + -323?
-309
In base 3, what is -101000 + 1?
-100222
In base 6, what is 3252 + 20?
3312
In base 5, what is 4204 - 13?
4141
In base 6, what is -43 + 5?
-34
In base 7, what is -361356 + 3?
-361353
In base 14, what is 0 + 3d0?
3d0
In base 7, what is -3 - 3136?
-3142
In base 15, what is -180 - 2?
-182
In base 6, what is -5 + 15513?
15504
In base 14, what is -645 - 2?
-647
In base 15, what is b15 + 4?
b19
In base 15, what is 1b + 0?
1b
In base 9, what is 3 + 542?
545
In base 5, what is 20 - 4?
11
In base 10, what is 22 + 21?
43
In base 10, what is -44 - -27?
-17
In base 16, what is -5ae - -2?
-5ac
In base 11, what is 5 - 4281?
-4277
In base 7, what is -322 + 5?
-314
In base 3, what is 2 + 1212?
1221
In base 9, what is -11 + -1?
-12
In base 11, what is -5 + -a64?
-a69
In base 11, what is 2827 - 5?
2822
In base 2, what is -10000 + -11101?
-101101
In base 16, what is 1291 - 4?
128d
In base 15, what is 7b - 14?
67
In base 5, what is 1013 + 2?
1020
In base 3, what is 22112 - 201?
21211
In base 3, what is 2002 + -121?
1111
In base 3, what is 10 - 211220?
-211210
In base 16, what is -1ac - f?
-1bb
In bas